ate the remainder when m is divided by q(-6).
33
Suppose 0 = -10*y + 7*y + 69. What is the remainder when y is divided by 20?
3
Let j = 69 - 37. Let k(f) = -f**2 - 18*f + 14. Calculate the remainder when k(-10) is divided by j.
30
Suppose 0 = -x + 4*v - 5*v + 6, -4*v = -4. Suppose 5*g + 2 = 22. Suppose g*y - x*q - 43 = 0, -y + q + 42 = 6*q. Calculate the remainder when 30 is divided by y.
13
Suppose 2*o + 14*o = 896. Calculate the remainder when o is divided by 20.
16
Suppose 174 + 180 = 3*l. Suppose 4*h - 66 = -2*s, -4*s + 2*h - 3*h + l = 0. Let y = -7 - -18. What is the remainder when s is divided by y?
7
Let r = -3 - -103. What is the remainder when 195 is divided by r?
95
Let y = 232 + -158. What is the remainder when y is divided by 14?
4
Let m(t) = 3*t - 12. Let o be m(5). Suppose -5*q + 11 = 2*j + 1, j + 6 = o*q. What is the remainder when 13 is divided by q?
1
Let v(h) be the first derivative of -3/2*h**2 + 1/3*h**3 + 6*h - 7. Calculate the remainder when 47 is divided by v(5).
15
Suppose 2 + 1 = -w, -4*w = -2*h + 62. What is the remainder when 132 is divided by h?
7
Suppose -3*k - 4*y + 1 + 6 = 0, 2*k - y - 23 = 0. What is the remainder when 133 is divided by k?
7
Let z(r) = r**3 - r**2 - 2*r + 1. Let i(w) = -5*w**3 + 5*w**2 + 8*w - 3. Let x(d) = -2*i(d) - 9*z(d). Calculate the remainder when x(2) is divided by 3.
2
Suppose 4*z - 1 = 3*z. What is the remainder when (-2)/((-4)/142)*z is divided by 24?
23
Let n(x) = 7*x + 5. Let t be n(7). Suppose -27*h - t = -30*h. Let a(c) = 35*c**3 - c**2 + c. What is the remainder when a(1) is divided by h?
17
Let r(o) = -8*o + 148. What is the remainder when 425 is divided by r(17)?
5
Let c(s) = -s**2 - 27*s + 83. What is the remainder when c(-24) is divided by 54?
47
What is the remainder when 215 is divided by 93 + -55 + 4/((-2)/(-1))?
15
Let g = -25 + -4. Let q = g + 78. Suppose 78 - 61 = w. What is the remainder when q is divided by w?
15
Let j(k) = k**2 + 4*k + 7. Let m be j(-3). Suppose -3*t - 18 = -2*f, -3*t - 8 = -m*f + 22. What is the remainder when 35 is divided by f?
5
Let v(o) = 17*o + 7. Let x = 503 - 471. What is the remainder when v(5) is divided by x?
28
Let i = 72 + -51. Suppose 16*o - 56 = 9*o. Calculate the remainder when i is divided by o.
5
Let i = -476 + 561. What is the remainder when i is divided by 43?
42
Let s(i) = 24*i - 166. What is the remainder when s(11) is divided by 9?
8
Suppose 0 = -4*g + 3*w + 132, -4*w + 17 = 1. Suppose -4*o = -4*f + g + 28, 4*o - 8 = 0. What is the remainder when 105 is divided by f?
15
Suppose 0 = -51*g + 14*g + 2960. What is the remainder when 557 is divided by g?
77
Let b(m) = -2*m - 2. Let i be b(-6). Let p be (174/(-15))/((-4)/i). Let c = 48 - p. What is the remainder when 35 is divided by c?
16
Let v(i) be the first derivative of -i**4/4 + 5*i**2/2 + 9. Let j be v(-4). Let k = j - 22. Calculate the remainder when 85 is divided by k.
19
Let x be (-1 - -11) + (-6)/(-3). Suppose -x + 0 = -g. What is the remainder when (0 + -105)*(532/42 + -13) is divided by g?
11
Suppose 246*s - 2232 = 242*s. Calculate the remainder when s is divided by 33.
30
Let y be 5/((-140)/(-1968)) + (-2)/7. Let i(u) = -u**3 + 5*u**2 + 3*u - 4. What is the remainder when (-6)/(-21) + 2080/y is divided by i(5)?
8
Let l(p) = -39*p**3 + 2*p**2 - 2*p - 5. Calculate the remainder when l(-1) is divided by 17.
4
Suppose -3*x = -2*q + 6, 5*q - 5*x = -2*x + 6. Suppose 2*t - b - 53 = q, -2*b = -2 + 12. What is the remainder when t is divided by 14?
10
Let k be (-6)/4*(-10)/(-3). Let v(r) = -5*r + 4. Let h be v(k). Suppose i - h = 7. Calculate the remainder when i is divided by 19.
17
Let u = 8 + -7. What is the remainder when 2 is divided by u?
0
Suppose 0 = -11*m - 57 + 200. Suppose -3*y = 3*w - 4 - 116, -5*y = -3*w + 88. What is the remainder when w is divided by m?
10
Let y(v) = 17*v + 8. Let b be y(-3). Let u = b - -88. Calculate the remainder when u is divided by 12.
9
Let c be 24/(-64) - (-6)/16. Suppose t = 3*a - 40 - 41, c = -4*a - 5*t + 89. Calculate the remainder when 103 is divided by a.
25
Let r(a) = -27 - 6*a**2 + 8*a - 87*a**3 - 22*a + 86*a**3 - 5*a**2. What is the remainder when 37 is divided by r(-10)?
11
Suppose 0 = -4*g - 6 + 2. Let q = g - -4. Calculate the remainder when 4 is divided by q.
1
Suppose -47 = -f + 2*j - 21, 4*j - 8 = -f. Calculate the remainder when f is divided by (-63)/6*(14/(-3))/7.
6
Suppose 3*l - 258 + 75 = 3*g, -l + 3*g + 57 = 0. What is the remainder when 245 is divided by l?
56
Let d(q) = 16*q**2 + 8*q - 11. Suppose b + 4*j = 10, j + 10 = 5*b + 2. Calculate the remainder when d(b) is divided by 35.
34
Suppose 0*l - 2*t = l - 153, -3*l - t + 434 = 0. What is the remainder when l is divided by 48?
47
Suppose 0 = q + q - 4*k + 18, 4*q - 3*k = -11. Calculate the remainder when 34 is divided by q/2*(10 - -16).
8
Let t = 78 - 76. Suppose 0*g + 5*l + 21 = t*g, -5*g - 2*l + 67 = 0. Calculate the remainder when 49 is divided by g.
10
Calculate the remainder when (-5 - (-156 - 2))/1 is divided by 13.
10
Let j = -130 + 220. Let c = j - -46. What is the remainder when c is divided by 35?
31
Let g be ((1 + -3)*1)/((-10)/25). Suppose 5*p - g = 0, -3*c + 5*p + 120 = 2*c. Suppose 0 = 4*w - 37 - 251. Calculate the remainder when w is divided by c.
22
Suppose 3*y = 4*v - 663, 3*v - 619 = 5*y - 119. What is the remainder when v is divided by 6?
3
Let p(z) be the first derivative of z**4/2 - z**2/2 - 2*z + 3. What is the remainder when p(3) is divided by 10?
9
Suppose -2*o - 4237 = -5*w, -3380 = 14*w - 18*w + 4*o. What is the remainder when w is divided by 34?
33
Calculate the remainder when 28/((8/(-28))/(-1)) is divided by 35.
28
Calculate the remainder when 80 - ((-7)/(-21))/(4/(-36)) is divided by 15.
8
Let m = 54 + -52. What is the remainder when (m/8)/((-2)/(-568)) is divided by 18?
17
Let b = 553 + -532. What is the remainder when 61 is divided by b?
19
Suppose -5*v + 10 = -y - 11, 5*v + y - 19 = 0. Suppose -4*h = -v*w + 96, 0 = -4*w + 4*h - h + 94. Calculate the remainder when w is divided by 5.
2
Suppose 5 = -4*f + 5*w - 7, f - 3*w + 10 = 0. Calculate the remainder when 19 is divided by f.
1
Let n = -315 - -328. Calculate the remainder when 166 is divided by n.
10
Suppose -4 + 5 = q. Let a(o) = 2*o**2 - 4*o - 3. Calculate the remainder when a(-2) is divided by (0 + -8)/(-2) + q.
3
Suppose -4712 = -4*u - 12716. Calculate the remainder when 4/(-6)*u/23 is divided by 15.
13
Let s = -258 + 305. What is the remainder when s is divided by 20?
7
Let r(x) = -x**2 + 47*x + 219. What is the remainder when 205 is divided by r(50)?
67
Let w be 65/15 + 6/9. Suppose -5*s + 45 = w*b - 60, -36 = -b - 4*s. What is the remainder when 46 is divided by b?
14
Let w = 17 - 24. Let x = w - -13. Suppose -t - x = -40. Calculate the remainder when t is divided by 9.
7
Suppose d - 104 = -3*d. Suppose -o = -0*o - d. What is the remainder when (-50)/(-2 - -1 - 0) is divided by o?
24
Let c(h) = h**3 - 5*h**2 + 2*h - 4. Let q be c(5). Suppose 4*i - q = 3*i - a, 0 = 3*i + 5*a - 18. What is the remainder when 16 is divided by i?
4
Let d = -2 - 0. Suppose -5*h + 5*v - v = -20, 0 = -h + 2*v + 10. What is the remainder when (-18)/d + h/(-4) is divided by 4?
1
Calculate the remainder when 17 is divided by ((-18)/4)/(-4 + (-49)/(-14)).
8
Let o = -216 - -392. Suppose 5*t - 4 = o. Calculate the remainder when 71 is divided by t.
35
Let v(w) = w**3 + 9*w**2 + 7*w + 3. Let h be ((-56)/21)/(2/21). Let d = h - -46. Calculate the remainder when v(-7) is divided by d.
16
Let c(k) = -k + 14. Let r be c(11). Suppose -3*m + 56 = -2*g, -2*m - 2*g - r*g = -31. What is the remainder when m is divided by 4?
2
What is the remainder when ((-1)/(-2))/(22/4532) is divided by 49?
5
Suppose -3 = -v + 4. Let j = -5797 - -5810. What is the remainder when j is divided by v?
6
Suppose -5*n + n - 13 = t, -3*n - 6 = 2*t. Calculate the remainder when 10/t*(-36)/(-10) is divided by 5.
2
Suppose 4*x - 158 = 2*x + 3*l, 5*l = -2*x + 142. What is the remainder when 156 is divided by x?
4
Let y(f) = 3*f**2 + 23*f. Let g(u) = 3*u**2 - 1 + 0*u**2 - 3*u**2 - u**2. Let k(o) = 5*g(o) + y(o). What is the remainder when 117 is divided by k(9)?
37
Suppose 4*k - 38 = -2*x, 0 = -3*x + 3 - 12. Calculate the remainder when 11 i